).
-4
Let q(o) = o**3 - 9*o**2 - 3*o + 16. Give q(7).
-103
Let d(y) = 48*y - 294. Calculate d(9).
138
Let n(h) = -157*h - 1425. Determine n(-9).
-12
Let v(h) = 2*h**2 + 24*h + 89. Give v(-3).
35
Let t(x) = -x**3 + 57*x**2 - 73*x + 934. Give t(56).
-18
Let w(b) = 178*b**2 - 2316*b + 26. Calculate w(13).
0
Let y(j) = j**3 - 24*j**2 + 105*j + 47. Give y(18).
-7
Let k(c) = 387*c**2 + 15*c - 14. Calculate k(1).
388
Let k(z) = z**3 + 4*z**2 - 39*z + 37. Determine k(-9).
-17
Let p(o) = -162*o - 487. What is p(-3)?
-1
Let i(m) = -34*m + 354. Determine i(10).
14
Let j(h) = -3656*h - 91408. Calculate j(-25).
-8
Let o(s) = -2*s**2 - 437*s + 3513. Determine o(8).
-111
Let f(b) = -b**2 - 30*b + 59. Determine f(5).
-116
Let w(r) = r**2 - 84*r + 721. Determine w(74).
-19
Let x(g) = g**3 + 6*g**2 + 6*g + 177. What is x(-8)?
1
Let u(t) = -2*t**3 - 19*t**2 - 31*t + 95. Give u(-6).
29
Let o(m) = m**3 + 6*m**2 + 2*m - 11. Determine o(-4).
13
Let v(q) = -q**3 + 19*q**2 - 36*q + 1033. Determine v(20).
-87
Let z(i) = 922*i + 5529. Determine z(-6).
-3
Let l(g) = 8*g - 45. Calculate l(2).
-29
Let y(o) = 105*o + 1587. Determine y(-15).
12
Let k(u) = u**3 + 56*u**2 + 33*u - 1199. Calculate k(-55).
11
Let o(a) = a**3 - 51*a**2 + 632*a - 45. What is o(21)?
-3
Let f(j) = j**3 + 24*j**2 + 29*j - 3. What is f(-12)?
1377
Let o(h) = 57*h - 29. Give o(-2).
-143
Let h(s) = 9*s**2 - 349*s + 590. What is h(37)?
-2
Let i(r) = -3*r**2 - 771*r + 3932. Give i(-262).
2
Let m(q) = 126*q + 11445. Calculate m(-91).
-21
Let m(f) = 109*f - 11. Calculate m(1).
98
Let q(p) = -p**2 + 344*p + 7672. Calculate q(-21).
7
Let b(c) = -c**3 - 44*c**2 + 636*c + 1717. Give b(-55).
12
Let u(n) = -3*n**3 + 284*n**2 + 97*n - 71. Give u(95).
119
Let u(f) = -2094*f + 90032. What is u(43)?
-10
Let f(g) = g**2 - 908*g + 197285. Calculate f(360).
5
Let g(k) = -181*k - 8. Calculate g(2).
-370
Let d(u) = -4*u**2 + 14*u - 27. Determine d(2).
-15
Let b(p) = p**3 + 32*p**2 + 11*p - 17. Give b(5).
963
Let b(f) = f**2 + 66*f - 2890. What is b(30)?
-10
Let h(p) = 70*p**2 - 489*p - 17. Give h(7).
-10
Let k(m) = -4*m**2 - 22*m + 529. Determine k(9).
7
Let v(j) = j**2 - 50*j + 619. Give v(25).
-6
Let r(o) = -5*o**3 - 4*o - 4. Determine r(-1).
5
Let q(y) = -12*y + 312. Calculate q(18).
96
Let i(z) = 7*z**3 - 175*z**2 - 353*z + 1. Calculate i(-2).
-49
Let l(d) = 2272*d + 84081. Determine l(-37).
17
Let y(u) = -u**3 + 26*u**2 - 102*u + 46. Give y(23).
-713
Let x(k) = k**3 - 7*k**2 - 128*k + 904. What is x(7)?
8
Let v(s) = -133*s - 42. Calculate v(-2).
224
Let q(k) = -15*k**2 - 145*k + 88. What is q(-10)?
38
Let d(y) = 7*y + 81. What is d(-17)?
-38
Let h(b) = -2*b**2 - 43*b + 142. Determine h(3).
-5
Let k(a) = 256*a - 786. Calculate k(3).
-18
Let x(j) = j**3 + 39*j**2 + 365*j + 62. Determine x(-24).
-58
Let p(x) = 72*x + 1026. Calculate p(-14).
18
Let r(i) = -1099*i + 50556. What is r(46)?
2
Let t(z) = -8*z**2 - 123*z + 539. What is t(4)?
-81
Let y(g) = g**2 - 56*g - 549. What is y(62)?
-177
Let h(m) = 5*m**3 - 10*m**2 + 5*m - 3. Give h(2).
7
Let z(m) = m**3 - 149*m**2 + 828*m - 123378. Determine z(149).
-6
Let n(y) = 299*y - 881. Give n(3).
16
Let n(d) = 1917*d + 3837. Give n(-2).
3
Let t(g) = -28*g + 1026. What is t(38)?
-38
Let x(o) = -6*o**2 - 9*o - 39. Determine x(5).
-234
Let s(n) = 73*n - 3124. Determine s(44).
88
Let x(h) = -13*h**2 + 90*h + 11. Calculate x(9).
-232
Let y(c) = -c**2 - 12*c + 45. Give y(-16).
-19
Let d(g) = 13*g**2 - 92*g - 3. Determine d(7).
-10
Let w(a) = a**3 - 17*a**2 + 33*a + 111. Give w(14).
-15
Let c(t) = -t**3 + 82*t**2 + 3362*t + 49. Determine c(-30).
-11
Let y(j) = 8851*j - 26536. Calculate y(3).
17
Let d(z) = -z**3 + 7*z**2 - 16*z + 20. Give d(5).
-10
Let c(k) = -26*k - 147. What is c(4)?
-251
Let t(x) = x**2 - 65*x - 1595. Determine t(84).
1
Let d(c) = 6851*c + 54820. Calculate d(-8).
12
Let x(f) = -f**2 + 9*f + 3767. What is x(66)?
5
Let p(b) = b**2 - 1415*b + 19615. Calculate p(14).
1
Let x(r) = -2*r**3 + 3*r**2 + 25*r - 46. Give x(8).
-678
Let v(w) = -w**3 + 12*w**2 + 68*w - 644. Determine v(14).
-84
Let w(a) = -62*a - 395. Determine w(-7).
39
Let b(t) = 730*t + 12410. Give b(-17).
0
Let w(a) = -a**3 - 12*a**2 + 6*a + 48. Calculate w(-11).
-139
Let a(l) = -10*l**2 - 164*l + 94. Give a(-17).
-8
Let b(f) = 68*f**3 - 5*f**2 + 5*f + 7. Determine b(2).
541
Let t(f) = -7*f - 22. Calculate t(-15).
83
Let t(x) = -3*x**2 + 4*x + 245. What is t(0)?
245
Let z(u) = -2*u**3 - 12*u**2 - 16*u - 23. Determine z(-5).
7
Let o(n) = 8177*n + 16362. What is o(-2)?
8
Let q(z) = -2*z**3 + 20*z**2 + 116*z - 1113. Determine q(7).
-7
Let g(f) = -f**3 + 2*f**2 - 11*f + 6. Determine g(8).
-466
Let g(f) = -f**2 + 185*f + 1339. Calculate g(192).
-5
Let h(t) = -226*t**2 - 9*t - 8. Give h(-1).
-225
Let b(v) = 34*v - 2415. Calculate b(71).
-1
Let d(h) = -h**3 + 73*h**2 - 676*h - 376. What is d(62)?
-4
Let j(n) = 74*n + 693. Calculate j(-9).
27
Let u(q) = -55*q - 5001. What is u(-91)?
4
Let y(z) = 205*z - 3900. What is y(19)?
-5
Let z(a) = -a**3 - 16*a**2 - 151*a - 1421. Give z(-13).
35
Let j(d) = -d**3 + 26*d**2 + 77*d - 550. What is j(28)?
38
Let z(l) = l**3 - l**2 + 6*l + 27. Determine z(-7).
-407
Let v(g) = -g**2 + 1053*g + 3176. Give v(-3).
8
Let k(b) = 165*b - 1332. Determine k(8).
-12
Let s(i) = -194*i + 670. Give s(2).
282
Let k(m) = -2*m**3 - 2*m**2 - 17*m - 2. What is k(-3)?
85
Let m(q) = -q**2 - 114*q + 13383. Calculate m(-186).
-9
Let x(o) = -5*o**2 + 122*o - 232. Give x(2).
-8
Let k(n) = 5*n + 190. Give k(-45).
-35
Let n(d) = 3*d**3 + 228*d**2 + d - 11. Give n(-76).
-87
Let z(r) = 44*r**2 + 13*r + 27. Determine z(-2).
177
Let k(a) = -3*a**2 - 12*a + 27. What is k(6)?
-153
Let g(j) = -j**3 - 7*j**2 + 326*j + 2962. What is g(-10)?
2
Let k(r) = -25*r - 500. What is k(-26)?
150
Let q(r) = -1052*r + 51546. Give q(49).
-2
Let z(d) = -d**2 + 45*d - 172. What is z(39)?
62
Let t(d) = -175*d + 4501. Give t(25).
126
Let m(x) = -2*x**3 + 22*x**2 + 119*x + 6. What is m(-4)?
10
Let a(g) = 40*g - 2139. What is a(54)?
21
Let n(l) = -l**3 + 7*l**2 + 14*l + 9. Give n(-4).
129
Let n(c) = -c**2 + 153*c - 1302. What is n(9)?
-6
Let k(a) = -3*a**3 - 437*a**2 + 151*a + 744. Give k(-146).
14
Let h(l) = 55*l - 551. What is h(21)?
604
Let h(t) = 24*t**2 - 359*t - 4. Give h(15).
11
Let n(z) = -31*z**2 + 527*z - 499. Determine n(16).
-3
Let a(s) = 2*s**2 + 61*s - 898. Determine a(12).
122
Let x(f) = 8*f - 147. Give x(15).
-27
Let j(z) = -2*z**2 - 240*z - 3124. Give j(-15).
26
Let g(d) = d**3 + 9*d**2 + 64*d + 331. Give g(-7).
-19
Let v(d) = d**3 - 23*d**2 - 182*d + 40. Calculate v(-6).
88
Let u(v) = -594*v - 21. Determine u(0).
-21
Let j(g) = g**2 + 340*g - 1726. What is j(5)?
-1
Let w(b) = -56*b - 261. What is w(3)?
-429
Let o(d) = d**3 - 11*d**2 + 12*d - 28. Give o(9).
-82
Let k(x) = 2*x**3 - 21*x**2 + 14*x + 27. Determine k(10).
67
Let r(y) = y**2 + 3*y - 647. Give r(-26).
-49
Let s(j) = j**3 - 57*j**2 + 759*j - 111. Give s(36).
-3
Let o(d) = d**2 + 125*d - 4296. Determine o(28).
-12
Let a(v) = v**3 + 18*v**2 - 50*v - 60. Determine a(-20).
140
Let u(k) = -221*k**2 - 441*k - 2. Calculate u(-2).
-4
Let i(u) = -u**2 - 104*u + 4850. Give i(35).
-15
Let d(j) = -6*j**2 - 622*j + 205. What is d(-104)?
-3
Let t(m) = 3*m + 13. Give t(10).
43
Let f(v) = v**2 + 10*v - 114. Give f(0).
-114
Let x(q) = 141*q**2 + 9*q - 4. Give x(1).
146
Let c(v) = -v**3 - 92*v**2 - 541*v - 40947. Determine c(-91).
3
Let l(f) = -6*f**3 + 43*f**2 - 4*f - 12. Give l(7).
9
Let c(r) = 4*r**3 - 212*r**2 - 14*r + 743. What is c(53)?
1
Let g(w) = 8*w**2 + 219*w - 183. Determine g(-29).
194
Let a(w) = -w**3 + 27*w**2 + 97*w + 12. Calculate a(-3).
-9
Let z(s) = s**3 - 37*s**2 + 29*s + 272. What is z(36)?
20
Let z(o) = o**3 + 14*o**2 + 13*o - 51. Give z(-12).
81
Let l(i) = 2*i**2 - 59*i - 218. Determine l(-4).
50
Let n(m) = -26*m - 805. Give n(-32).
27
Let f(a) = 2*a**2 - 53*a + 113. Give f(24).
-7
Let d(b) = -33*b - 1653. Calculate d(-51).
30
Let s(r) = -2*r**3 + 10*r**2 + 2*r - 118. Determine s(7).
-300
Let h(a) = -44*a + 3479. What is h(77)?
91
Let m(s) = -82*s**3 - 1724*s**2 - 42*s - 4. What is m(-21)?
-4
Let d(k) = k**3 + 10*k**2 + 22*k - 8. What is d(-4)?
0
Let a(b) = 41*b + 158. Determine a(-8).
-170
Let f(m) = 4*m**2 + 393*m + 92. Give f(-98).
-6
Let c(u) = -4